erivative of -2/3*f**3 + 14*f + f**2 - 1/20*f**5 + 0 + 1/4*f**4. Let g be m(2). Let s(x) = x**3 - 3*x**2 - x. What is s(g)?
-18
Let r(t) be the first derivative of t**4/4 + 13*t**3/3 - 33*t**2/2 - 21*t + 1286. Give r(-15).
24
Suppose -5*n - 23 = 3*z + 4, 2*z + 5 = n. Let o(x) = 10 - x**2 + 8 + 2*x**2 - 22 - 2*x. Determine o(n).
11
Let y(s) = 2*s + 8. Let x(c) = -c - 6. Let g(i) = 3*x(i) + 2*y(i). Suppose 0*m = -m - 9. Give g(m).
-11
Let z(d) = -4*d**3 + 8*d**2 - 7*d - 3. Suppose 30*n - 9 + 129 = 0. Let r(l) = -5*l**3 + 9*l**2 - 8*l - 2. Let o(j) = n*z(j) + 3*r(j). Give o(4).
6
Let c = 2/37853 + 37847/113559. Let y(k) be the second derivative of 0 - c*k**3 - 2*k**2 + 30*k. What is y(-5)?
6
Let b(g) = -13 - 15 + 17 - 269*g + 265*g. Calculate b(-3).
1
Let r(l) = -41*l**3 - 44*l**2 + 30*l - 49. Let j(b) = 57*b**3 + 61*b**2 - 42*b + 68. Let z(n) = 18*j(n) + 25*r(n). What is z(-1)?
2
Let q be -1*((-5)/(-4))/(5 + (-708)/144). Let n(k) = -2*k + 27. Calculate n(q).
57
Suppose 32*x - 410 + 119 = -65*x. Let l(f) = f**2 + f - 14. Determine l(x).
-2
Let z = -2 - 3. Suppose -7*y + 3*y + 368 = 0. Let g(u) = 194*u - 4 - 97*u - y*u + u**2. Calculate g(z).
-4
Let n(u) be the third derivative of u**6/120 + u**5/60 - u**4/6 - u**3/2 - u**2. Let f = 516 - 508. Suppose -27*i = -23*i + f. Calculate n(i).
1
Let p(j) = -98*j + 3613. Let g be p(37). Let y(f) = -6*f - 77. What is y(g)?
1
Let f(r) = -6252 + 12595 - 5904 - 24*r + 55*r. What is f(-14)?
5
Let d(t) be the first derivative of t**3/3 - 49*t**2/2 - 206*t + 4328. What is d(53)?
6
Let q(m) = m - 7. Let t = -2371 + 2355. Determine q(t).
-23
Suppose x = -21*s + 18*s + 3, -7*x = 13*s + 3. Let a(g) = -g**3 + g**3 - g**3 - 5*g**2 + 7 + 6*g. Determine a(x).
7
Let d(u) be the first derivative of 3*u**4/2 - u**3/3 - u**2/2 + 2061. What is d(-1)?
-6
Let p = 81 - 74. Let t(q) = 4*q - q**2 + p*q + 0*q - 5. Calculate t(11).
-5
Suppose 727*q - 750*q = -460. Let z(t) = -t**2 + 22*t - 41. Determine z(q).
-1
Let x = -73 + 62. Let v(b) = 4*b - 10. Let y be v(x). Let t = y - -56. Let f(g) = g**3 - 3*g**2 + 2*g - 1. Determine f(t).
-1
Suppose -33 = -9*z - 2*z. Let v(c) = -2*c**2 - 2*c + 3. Let y(f) = 2*f**2 + 2*f - 6. Let l(x) = z*y(x) + 5*v(x). Give l(-2).
-11
Let c(z) = -z**2 + 15. Let x be c(0). Let k(m) be the first derivative of m**2/2 - 7*m - 720. Give k(x).
8
Let a(r) = 2*r - 89. Let q be a(49). Let v(k) = -11*k + 20. What is v(q)?
-79
Suppose 15*o = 24*o - 486. Suppose -4*z = -13*z - o. Let g(s) = s + 13. Calculate g(z).
7
Let k(p) = p**2 - 6*p - 11. Suppose t - 32 = -3*t. Let m be k(t). Let u(s) = -3*s**2 + 8*s - 4. Let x(r) = r**2 - r - 1. Let b(h) = u(h) + 2*x(h). What is b(m)?
-1
Let y(i) = 86*i**2 - 18 + 68*i**2 + 17*i - 69*i - 224*i**2 + 84*i**2 + i**3. What is y(-17)?
-1
Suppose -15 = -3*x - 0*f + f, 4*x - 28 = 4*f. Let g(v) be the third derivative of v**5/60 - v**4/6 - v**3/6 - 42*v**2. What is g(x)?
-1
Suppose 0*r + 2 = -2*r. Let f(c) = 627*c - 6. Let i(v) = -758*v + 7. Let l(p) = 6*f(p) + 5*i(p). Give l(r).
27
Let g(v) = -v**2 + 5*v + 1. Suppose -3 = i - 3*c, 5*i + 5*c = 2*c + 39. Suppose 0 = f - i*f + 205. Let a = 46 - f. Give g(a).
1
Let i(p) = -p**2 - 15*p - 9. Let w = -1135 - -1121. Determine i(w).
5
Let i be (3*2/(-4))/((-3)/(-64)). Let q be (-7)/4*i/8. Let g(t) = -t**3 + 8*t**2 - 6*t - 1. What is g(q)?
6
Let y(v) = 112*v + v**2 - 120*v - 176 + 207. Give y(7).
24
Suppose 4*c = 6*c - 12. Let p(q) = 17 + 19*q - 12*q + c - 8*q. What is p(13)?
10
Let x be ((-18)/(-5) + 0)*(-110)/(-44). Let b(l) = x + 2 - l**2 + 0*l**2 - 1606*l + 1619*l. Calculate b(13).
11
Let j(q) = -6*q**2 + 35*q + 5*q**2 - 15*q + 11. Let g be j(20). Let o(c) = -12 - 6 - c**3 - 3*c - 4*c + g - 8*c**2. Calculate o(-7).
-7
Let w(u) = 4908389 + 0*u - 4908377 + 14*u. Determine w(-8).
-100
Let w(i) = -i + 6. Let k be 2/8*6*3*-4. Let x be 12/k - (17/(-3) - 1). Determine w(x).
0
Let w(d) = d**3 - 9*d**2 + 9*d - 14. Let r(f) = f**2. Let b be r(-1). Let a be (10/(-20))/(b + (-34)/32). Give w(a).
-6
Let b(s) = 5*s**2 - s + 29. Let v(l) = -l**2 - 6. Let y(n) = -6*b(n) - 29*v(n). Determine y(3).
9
Let u(n) = n - 11. Let y = 103 - 34. Suppose 2*x = -69 + y. Give u(x).
-11
Let g(s) be the third derivative of -s**4/24 + 7*s**3 - 1146*s**2. Calculate g(28).
14
Let g be 1*4*50/(-40) + -1. Let w(l) = 9*l + 48. Determine w(g).
-6
Let o = -999 + 982. Let r(b) = b - 36. Calculate r(o).
-53
Suppose 1008 = -67*p + 137. Let g(v) = v**3 + 13*v**2 + 2*v - 13. Let k(a) = -a**3 - 13*a**2 - 3*a + 14. Let s(i) = -4*g(i) - 3*k(i). Determine s(p).
-3
Let h(j) = 4*j - 3. Let f(q) = 15*q + 15. Let x(o) = f(o) - 4*h(o). Give x(33).
-6
Let t(o) = -13*o**3 - 18*o**2 + 2*o - 11. Let a(i) = -21*i**3 - 27*i**2 + 3*i - 16. Let l(r) = 5*a(r) - 8*t(r). Let w = 1 - -8. Give l(w).
-1
Let s(q) = -q**3 - 6*q**2 + 6. Let r(z) = -2*z - 19. Let b be r(-14). Suppose -4*j = -b*j - 10. Let c be ((-35)/56*4)/(j/(-4)). Give s(c).
-19
Let y(s) = s**2 - 3*s + 14. Let k be (-9 - -48*(-10)/(-260)) + (-4)/(-26). What is y(k)?
84
Let x(n) be the first derivative of 3*n**2/2 - n + 61. Let l(o) = 8*o - 1. Let u(z) = 4*l(z) - 10*x(z). Suppose -28 = 4*s - 0*s. Give u(s).
-8
Let p(w) = 63*w**3 - w**2 + 5*w + 11. Let u(n) = -65*n**3 + n**2 - 6*n - 14. Let r(i) = -5*p(i) - 4*u(i). What is r(1)?
-54
Let o(y) = -y + 14. Let s be (2 + 233)/(3 - 2). Let v = -223 + s. Give o(v).
2
Let f(t) = -3*t**2 - 3*t + 5. Let x = -40 - -34. Let v(y) = y**2 + y - 2. Let o(k) = x*f(k) - 17*v(k). Give o(-3).
10
Let a(b) = -b**2 + b + 1. Let z = 66 - 64. Suppose 5*f = z - 12. Let w(j) = -j**2 - 2. Let y(u) = f*a(u) + w(u). What is y(-3)?
11
Let n = 14 + -9. Let b(y) = -y**2 + n*y**2 + 2*y - 3 + 1. Suppose -4*j + 17 = -5*u, -u - 4 + 1 = -j. What is b(j)?
10
Suppose m + 2 - 7 = 0. Let z = -62 - -66. Let p(k) = 5*k**2 - 2 - k**3 + z + 5 - 1. Determine p(m).
6
Let k(y) = 814*y + 72. Let x(n) = 51*n - 1. Let z(d) = 5*k(d) - 80*x(d). What is z(44)?
0
Suppose -19*v = 10*v. Suppose 5*k - h = 5, v*k = 2*k + 3*h - 2. Let o(t) = -3*t - 1. Give o(k).
-4
Let c be ((-20)/(-6) + -1)*-3. Let g(v) = -7*v**3 - 6*v**2 + 12*v + 7. Let a(l) = -6*l**3 - 6*l**2 + 11*l + 6. Let x(u) = 6*a(u) - 5*g(u). Determine x(c).
8
Let h be (-72)/168*3668/(-393). Let z(l) be the second derivative of -5*l**3/6 + 2*l**2 + l. Calculate z(h).
-16
Suppose 52 = 2*a - 10*h + 12*h, 4*h = a - 6. Let q(i) = 22*i + a*i - 42*i + 6 - 1 + 4. What is q(-7)?
-5
Let m(i) = 3*i + 107. Let a(w) = w + 45. Let y(l) = 11*a(l) - 6*m(l). What is y(-22)?
7
Let w(g) = 17*g. Let q be 18/(-4)*(-16)/6. Let l be ((-11)/(-2) - 0)/(2/(-4)). Let x = l + q. Give w(x).
17
Let d(u) be the third derivative of u**5/60 + 7*u**4/12 - 41*u**3/6 + 250*u**2 - 4. Calculate d(3).
10
Let m(d) be the first derivative of -2/3*d**3 + 16 + 1/2*d**2 + 0*d. Let y(f) = f**3 - 1. Let l be y(-1). Determine m(l).
-10
Let p(j) = -j**3 + 16*j**2 + 17*j + 1. Let k = 150 + -150. Suppose -75*m + 68*m + 119 = k. What is p(m)?
1
Let g = -424 - -427. Let m(u) = 1071*u + 8*u**2 + g - 4 - 1072*u. What is m(-1)?
8
Let f(j) = -j**2 + 10*j - 1. Suppose -117 = 39*s - 52*s. Suppose -23*x + s + 198 = 0. What is f(x)?
8
Let o(h) = -h**2 - h - 19. Let r(g) = g**2 + 6*g. Let y(v) = o(v) + 2*r(v). Determine y(-12).
-7
Let z(r) = 4*r**2 - 13*r - 6. Let p(q) = 9*q**2 - 31*q - 11. Let a(o) = -2*p(o) + 5*z(o). Calculate a(3).
1
Suppose -21*q + 444 = -543. Let p(f) = 8*f - 387. Calculate p(q).
-11
Let j(s) be the second derivative of s**5/20 - s**4/12 + s**3/6 + 5*s**2 + 49*s. Suppose -o + 6*t - 10 = t, -2*o + 5*t = 10. Determine j(o).
10
Let f(j) = -j**2 + 17*j + 199. Let w be f(-8). Let c(r) = -41*r**2 + 2*r + 1. Calculate c(w).
-42
Let r(k) = 6*k**2 - 22*k + 15. Let d(y) = y**2 - y + 2. Let j(z) = -4*d(z) + r(z). Let u be j(9). Let l(o) = -o**3 + 6*o**2 + 8*o - 1. What is l(u)?
6
Let j(a) = -a**3 - 5*a**2 - a - 8. Let y be -12 - ((-104)/(-12) + -8)/(2/(-21)). Give j(y).
-3
Let a be (32/(-6))/(36/(-2592)). Let x = -397 + a. Let l(q) = 2*q + 6. Calculate l(x).
-20
Let c(o) be the first derivative of 2*o**3/3 + 33*o**2/2 - 3*o - 11561. Give c(0).
-3
Suppose 3*n - 21 = 3*k, k + 1 = 4*n - 12. Let u(p) = 4*p - n*p - 3*p + 7 - 6. Let z = 10 - 7. Determine u(z).
-2
Let n(h) = -7*h - 3 - 2 - 3*h + h**2. Suppose -55 = -10*m + 5*m. Determine n(m).
6
